{"id":157,"date":"2015-02-04T16:13:28","date_gmt":"2015-02-04T15:13:28","guid":{"rendered":"http:\/\/www.automobile-rodmann.de\/?page_id=157"},"modified":"2024-04-10T13:35:37","modified_gmt":"2024-04-10T12:35:37","slug":"werkstatt","status":"publish","type":"page","link":"https:\/\/www.automobile-rodmann.de\/?page_id=157","title":{"rendered":"Werkstatt"},"content":{"rendered":"<h2><span style=\"color: #ff0000;\"><strong>Unsere Leistungen!!!<\/strong><\/span><\/h2>\n<p style=\"text-align: left;\"><span style=\"color: #ccffcc;\">Unter dem Reiter\u00a0<span style=\"color: #ff0000;\"><a style=\"color: #ff0000;\" href=\"https:\/\/www.automobile-rodmann.de\/?page_id=32\"> &#8222;\u00dcber uns&#8220;<\/a>\u00a0<\/span> finden sie bereits eine gro\u00dfe Auswahl unserer Leistungen im Werkstattbereich.<\/span><\/p>\n<p style=\"text-align: left;\"><span style=\"color: #ccffcc;\">Seit bestehen der Firma Rodmann, war die Werkstatt immer der wichtigste Bestandteil und auch der Grund, wieso die Firma gegr\u00fcndet wurde. Seit vielen Jahren sind wir ein Partner der<a style=\"color: #ccffcc;\" href=\"https:\/\/ad-autodienst.de\/\"> Auto Dienst Gruppe, <\/a><a style=\"color: #ccffcc;\" href=\"https:\/\/ad-autodienst.de\/\">mittlerweile gewechselt zur<\/a><span style=\"color: #3366ff;\"><a style=\"color: #3366ff;\" href=\"https:\/\/www.autofit.de\/\"> Auto Fit Gruppe.<\/a><\/span><\/span><\/p>\n<p style=\"text-align: left;\"><span style=\"color: #ccffcc;\">Von Anfang an stand aber nie eine bestimmte Marke im Vordergrund, es wurde immer ein Mehrmarken Konzept angestrebt.<\/span><\/p>\n<p style=\"text-align: left;\"><span style=\"color: #ccffcc;\">Die Marke Proton und sp\u00e4ter Kia, war immer ein gro\u00dfer Teil unserer Kundenfahrzeuge, aus Vertraglichen Gr\u00fcnden haben wir uns darauf spezialisiert, aber auch alle anderen Marken(VW,Audi, Skoda, Seat, BMW, Mercedes, Toyota, Renault, US-Marken uvm.)haben uns immer begleitet.<\/span><\/p>\n<p style=\"text-align: left;\"><span style=\"color: #ccffcc;\">Unsere Werkstatt ist mit 5 Gro\u00dfen Hebeb\u00fchnen, einen gro\u00dfz\u00fcgigen Wasch-, Au\u00dfenbereich(f\u00fcr die Fahrzeugaufbereitung, profesionelle Unterbodenpflege) ausgestattet.<\/span><\/p>\n<p style=\"text-align: left;\"><span style=\"color: #ccffcc;\">Das ist aber nicht alles, wenn man anbietet jede Automarke zu Reparieren, ben\u00f6tigt man teilweise auch das passend Spezialwerkzeug und ganz wichtig die Software um elektronische Fehler zu beheben.<\/span><\/p>\n<p style=\"text-align: left;\"><span style=\"color: #ccffcc;\">Eines unserer Fachgebiete ist die Unfallinstandsetzung, die wir selbst kl\u00e4ren und dabei geht es nicht nur um einen verbeulten Kotfl\u00fcgel. Gro\u00dfe Besch\u00e4digungen an der Karosserie sind f\u00fcr uns kein Problem, auch Hagelsch\u00e4den und Dellenbearbeitung bieten wir an.<\/span><\/p>\n<p style=\"text-align: left;\"><span style=\"color: #ccffcc;\">In einem kleine Fotoalbum versuchen wir ihnen nach und nach zu Zeigen, welche Arbeiten wir ausf\u00fchren k\u00f6nnen, das ist aber nur ein Teil unserer Arbeit.<\/span><\/p>\n<div id=\"attachment_173\" style=\"width: 4648px\" class=\"wp-caption alignnone\"><a href=\"https:\/\/www.automobile-rodmann.de\/wp-content\/uploads\/2015\/02\/20150130_095854_Pano1.jpg\"><img loading=\"lazy\" decoding=\"async\" aria-describedby=\"caption-attachment-173\" class=\"size-full wp-image-173\" src=\"https:\/\/www.automobile-rodmann.de\/wp-content\/uploads\/2015\/02\/20150130_095854_Pano1.jpg\" alt=\"Austellungsraum\/Annahme\" width=\"4638\" height=\"1088\" \/><\/a><p id=\"caption-attachment-173\" class=\"wp-caption-text\"><span style=\"color: #ccffcc;\">Austellungsraum\/Annahme<\/span><\/p><\/div>\n<div id=\"attachment_163\" style=\"width: 2170px\" class=\"wp-caption alignnone\"><a href=\"https:\/\/www.automobile-rodmann.de\/wp-content\/uploads\/2015\/02\/PSX_20150204_1433201.jpg\"><img loading=\"lazy\" decoding=\"async\" aria-describedby=\"caption-attachment-163\" class=\"size-full wp-image-163\" src=\"https:\/\/www.automobile-rodmann.de\/wp-content\/uploads\/2015\/02\/PSX_20150204_1433201.jpg\" alt=\"Werkstatt\/Hauptb\u00fchnen\" width=\"2160\" height=\"1620\" \/><\/a><p id=\"caption-attachment-163\" class=\"wp-caption-text\"><span style=\"color: #ccffcc;\">Werkstatt\/Hauptb\u00fchnen<\/span><\/p><\/div>\n<div id=\"attachment_174\" style=\"width: 310px\" class=\"wp-caption alignnone\"><a href=\"https:\/\/www.automobile-rodmann.de\/wp-content\/uploads\/2015\/02\/PSX_20150204_162933.jpg\"><img loading=\"lazy\" decoding=\"async\" aria-describedby=\"caption-attachment-174\" class=\"size-medium wp-image-174\" src=\"https:\/\/www.automobile-rodmann.de\/wp-content\/uploads\/2015\/02\/PSX_20150204_162933-300x225.jpg\" alt=\"Reifenmontage\" width=\"300\" height=\"225\" srcset=\"https:\/\/www.automobile-rodmann.de\/wp-content\/uploads\/2015\/02\/PSX_20150204_162933-300x225.jpg 300w, https:\/\/www.automobile-rodmann.de\/wp-content\/uploads\/2015\/02\/PSX_20150204_162933-1024x768.jpg 1024w, https:\/\/www.automobile-rodmann.de\/wp-content\/uploads\/2015\/02\/PSX_20150204_162933.jpg 2000w\" sizes=\"auto, (max-width: 300px) 100vw, 300px\" \/><\/a><p id=\"caption-attachment-174\" class=\"wp-caption-text\"><span style=\"color: #ccffcc;\">Reifenmontage<\/span><\/p><\/div>\n<div id=\"attachment_162\" style=\"width: 2170px\" class=\"wp-caption alignnone\"><a href=\"https:\/\/www.automobile-rodmann.de\/wp-content\/uploads\/2015\/02\/PSX_20150204_1432191.jpg\"><img loading=\"lazy\" decoding=\"async\" aria-describedby=\"caption-attachment-162\" class=\"size-full wp-image-162\" src=\"https:\/\/www.automobile-rodmann.de\/wp-content\/uploads\/2015\/02\/PSX_20150204_1432191.jpg\" alt=\"Karosserie\/Aufbereitung\" width=\"2160\" height=\"1620\" \/><\/a><p id=\"caption-attachment-162\" class=\"wp-caption-text\"><span style=\"color: #ccffcc;\">Karosserie\/Aufbereitung<\/span><\/p><\/div>\n<div id=\"attachment_164\" style=\"width: 2170px\" class=\"wp-caption alignnone\"><a href=\"https:\/\/www.automobile-rodmann.de\/wp-content\/uploads\/2015\/02\/PSX_20150204_1434201.jpg\"><img loading=\"lazy\" decoding=\"async\" aria-describedby=\"caption-attachment-164\" class=\"size-full wp-image-164\" src=\"https:\/\/www.automobile-rodmann.de\/wp-content\/uploads\/2015\/02\/PSX_20150204_1434201.jpg\" alt=\"Au\u00dfenbereich\/Waschplatztz\" width=\"2160\" height=\"1620\" \/><\/a><p id=\"caption-attachment-164\" class=\"wp-caption-text\"><span style=\"color: #ccffcc;\">Au\u00dfenbereich\/Waschplatz<\/span><\/p><\/div>\n","protected":false},"excerpt":{"rendered":"<p>Unsere Leistungen!!! Unter dem Reiter\u00a0 &#8222;\u00dcber uns&#8220;\u00a0 finden sie bereits eine gro\u00dfe Auswahl unserer Leistungen im Werkstattbereich. Seit bestehen der Firma Rodmann, war die Werkstatt immer der wichtigste Bestandteil und auch der Grund, wieso die Firma gegr\u00fcndet wurde. Seit vielen Jahren sind wir ein Partner der Auto Dienst Gruppe, mittlerweile gewechselt zur Auto Fit Gruppe. [&hellip;]<\/p>\n","protected":false},"author":2,"featured_media":0,"parent":0,"menu_order":3,"comment_status":"closed","ping_status":"closed","template":"","meta":{"footnotes":""},"class_list":["post-157","page","type-page","status-publish","hentry","no-thumb"],"_links":{"self":[{"href":"https:\/\/www.automobile-rodmann.de\/index.php?rest_route=\/wp\/v2\/pages\/157","targetHints":{"allow":["GET"]}}],"collection":[{"href":"https:\/\/www.automobile-rodmann.de\/index.php?rest_route=\/wp\/v2\/pages"}],"about":[{"href":"https:\/\/www.automobile-rodmann.de\/index.php?rest_route=\/wp\/v2\/types\/page"}],"author":[{"embeddable":true,"href":"https:\/\/www.automobile-rodmann.de\/index.php?rest_route=\/wp\/v2\/users\/2"}],"replies":[{"embeddable":true,"href":"https:\/\/www.automobile-rodmann.de\/index.php?rest_route=%2Fwp%2Fv2%2Fcomments&post=157"}],"version-history":[{"count":10,"href":"https:\/\/www.automobile-rodmann.de\/index.php?rest_route=\/wp\/v2\/pages\/157\/revisions"}],"predecessor-version":[{"id":503,"href":"https:\/\/www.automobile-rodmann.de\/index.php?rest_route=\/wp\/v2\/pages\/157\/revisions\/503"}],"wp:attachment":[{"href":"https:\/\/www.automobile-rodmann.de\/index.php?rest_route=%2Fwp%2Fv2%2Fmedia&parent=157"}],"curies":[{"name":"wp","href":"https:\/\/api.w.org\/{rel}","templated":true}]}}