{"id":81,"date":"2015-01-29T18:36:07","date_gmt":"2015-01-29T17:36:07","guid":{"rendered":"http:\/\/www.automobile-rodmann.de\/?page_id=81"},"modified":"2018-01-26T15:30:54","modified_gmt":"2018-01-26T14:30:54","slug":"fahrzeugueberfuehrung","status":"publish","type":"page","link":"https:\/\/www.automobile-rodmann.de\/?page_id=81","title":{"rendered":"Fahrzeug\u00fcberf\u00fchrung"},"content":{"rendered":"<p><span style=\"color: #33cccc;\"><strong><a href=\"https:\/\/www.automobile-rodmann.de\/wp-content\/uploads\/2015\/01\/20150914_163814.jpg\"><img loading=\"lazy\" decoding=\"async\" class=\"alignnone size-full wp-image-243\" src=\"https:\/\/www.automobile-rodmann.de\/wp-content\/uploads\/2015\/01\/20150914_163814.jpg\" alt=\"20150914_163814\" width=\"2000\" height=\"1125\" \/><\/a><\/strong><\/span><\/p>\n<h2><span style=\"color: #ff0000;\"><strong>Was ist damit gemeint??<\/strong><\/span><\/h2>\n<p><span style=\"color: #ccffcc;\">Sie sind auf der Suche nach ihrem Traumwagen, wissen aber nicht, ob die Person am anderen Ende des PC\u00b4s wirklich seri\u00f6s ist oder das Fahrzeug sich wirklich in dem Zustand befindet wie beschrieben.<del><\/del><del><\/del>&#8230;&#8230;&#8230;kein Problem! wir k\u00fcmmern uns darum.<\/span><\/p>\n<hr \/>\n<p>&nbsp;<\/p>\n<h2><span style=\"color: #ff0000;\"><strong>Unsere Arbeit in kurzen Schritten:<\/strong><\/span><\/h2>\n<p><span style=\"color: #ccffcc;\">1. Wir setzen uns mit ihnen zusammen und nehmen ihre Vorstellungen auf.<\/span><\/p>\n<p><span style=\"color: #ccffcc;\">2. Unser Verk\u00e4ufer begibt sich auf die Suche danach. (im Inland, europaweit, auf H\u00e4ndlerportalen und \u00dcbersee)<\/span><\/p>\n<p><span style=\"color: #ccffcc;\">3. Erneute Beratung mit unserem Kunden (also ihnen) und eventuelle Entscheidung f\u00fcr ein Objekt.<\/span><\/p>\n<p><span style=\"color: #ccffcc;\">4. Kl\u00e4rung der Sachlage (Zustand vom Fahrzeug, Vor und Nachteile, Verhandlungen) bzw. Abschluss eines Vorabvertrages mit dem Verk\u00e4ufer, der bei Nichteinhaltung mit Geldstrafen oder Ausfallkosten geahndet wird.<\/span><\/p>\n<p><span style=\"color: #ccffcc;\">5. Vereinbarung eines Termins zur Begutachtung, Abwicklung und Abholung ihres neuen Fahrzeugs durch unser fachm\u00e4nisches Team.<\/span><\/p>\n<p><span style=\"color: #ccffcc;\">6. Herzlichen Gl\u00fcckwunsch! Sie sind jetzt Besitzer ihres Lieblingsfahrzeugs und k\u00f6nnen es in unserem Hause angemeldet abholen&#8230;..aber bitte vergessen sie ihren Geldbeutel nicht, um es noch zu bezahlen \ud83d\ude42<\/span><\/p>\n<hr \/>\n<p><span style=\"color: #ccffcc;\">\u00a0<\/span><\/p>\n<h2><span style=\"color: #ff0000;\"><strong>Wieso sollten sie nicht selbst das Ganze \u00fcbernehmen und kosten sparen???<\/strong><\/span><\/h2>\n<p><span style=\"color: #ccffcc;\">-Aus eigener Erfahrung k\u00f6nnen wir sagen, dass nicht jeder so ehrlich ist wie man glaubt, ganz spezifisch im Fahrzeugverkauf wird sehr viel versprochen, aber nicht eingehalten.<\/span><\/p>\n<p><span style=\"color: #ccffcc;\">-Klar sparen sie Kosten, wenn sie sich selbst ins Auto setzen und losfahren, aber es kann sich auch als Kostenfalle entpuppen, wenn sie nicht das bekommen, was sie erwarten und daraufhin noch einmal anfangen m\u00fcssen oder sogar noch mehr Geld in das neue Fahrzeug aufgrund von Reparaturen etc. investieren.<\/span><\/p>\n<p><span style=\"color: #ccffcc;\">-Sie haben vielleicht nicht so die Erfahrung, weil es selbst f\u00fcr einen Fachmann manchmal schwierig ist, festzustellen, ob der Zustand dem entspricht, es ein Unfallfahrzeug war oder der Tachostand abweicht von dem, was eigentlich gefahren wurde.<\/span><\/p>\n<p><span style=\"color: #ccffcc;\">-Bei der Fahrzeugsuche m\u00fcssen sie sich nicht so den Kopf zerbrechen oder gar rum\u00e4rgern bei Preisverhandlungen, Sch\u00e4den am Fahrzeug oder Abwicklung mit uneinsichtigen Verk\u00e4ufern.<\/span><\/p>\n<p><span style=\"color: #ccffcc;\">-Wir gehen f\u00fcr sie in Vorkasse, d.h. sie brauchen sich keine Sorgen machen, wie sie an soviel Geld kommen, das sie sp\u00e4ter bei uns finanzieren oder bar bezahlen k\u00f6nnen.<\/span><\/p>\n<hr \/>\n<h2><strong><span style=\"color: #ff0000;\">Wieso sollten sie zum Team Rodmann kommen und uns vertrauen???<\/span><br \/>\n<\/strong><\/h2>\n<p><span style=\"color: #ccffcc;\">-Wir sind ein Team aus fachspezifischen Mitarbeitern, das schon seit vielen Jahren im Kundenauftrag unterwegs ist, um das passende Fahrzeug zu organisieren.<\/span><\/p>\n<p><span style=\"color: #ccffcc;\">-Sie k\u00f6nnen ihren Alten bei uns in Zahlung geben, Kredite abschlie\u00dfen und Kosten sparen.<\/span><\/p>\n<p><span style=\"color: #ccffcc;\">-Aufgrund von Vertr\u00e4gen, die wir mit dem Verk\u00e4ufer vorab machen, k\u00f6nnen sie sich sicher sein, dass sie das bekommen, was ihren Vorstellungen entspricht.<\/span><\/p>\n<p><span style=\"color: #ccffcc;\">-Klar ist ein Gebrauchtwagen kein Neuwagen, aber wir bem\u00fchen uns, das beste Verh\u00e4ltnis in Sachen Preis-Leistung zu finden.<\/span><\/p>\n<p><span style=\"color: #ccffcc;\">&#8211; Da wir fast jede Woche unterwegs sind, um Fahrzeuge zu holen, wissen wir n\u00e4turlich die ganzen Tricks der Verk\u00e4ufer, die versucht werden, um ein Fahrzeug an &#8222;Mann oder Frau&#8220; zu bekommen (auf die wir nat\u00fcrlich nicht reinfallen).<\/span><\/p>\n<p><span style=\"color: #ccffcc;\">-Keine Vertr\u00e4ge mit Hinterhofh\u00e4ndlern oder unseri\u00f6sen Personen.<\/span><\/p>\n<hr \/>\n<h2><span style=\"color: #ff0000;\"><strong>Was f\u00fcr W\u00fcnsche k\u00f6nnen sie uns vortragen???<\/strong><\/span><\/h2>\n<p><span style=\"color: #ccffcc;\">-Es gibt eigentlich nichts, was wir nicht versuchen zu kl\u00e4ren.Kommen sie vorbei- Fragen kostet nichts!!!<\/span><\/p>\n<p><span style=\"color: #ccffcc;\">-US-Cars-Fahrzeugabwicklung ist bei uns auch m\u00f6glich, d.h. wir suchen, was sie wollen, schauen es uns vor Ort an, wenn gew\u00fcnscht, und k\u00fcmmern uns um den Transport.<\/span><\/p>\n<p><span style=\"color: #ccffcc;\">-Reimporte, Gebrauchtwagenvermittlung, Serviceabwicklung uvm. rund ums Fahrzeug.<\/span><\/p>\n<p><span style=\"color: #ccffcc;\">-Sie haben ein Fahrzeug in Hamburg, Italien oder gar \u00dcbersee stehen und wissen nicht wie es nach Hause kommt?? Kein Problem, wir k\u00fcmmern uns darum!!!<\/span><\/p>\n<p><span style=\"color: #33cccc;\"><strong>Jetzt legen sie sich entspannt zur\u00fcck, schauen sich eine kleine Auswahl von Fahrzeugen an, die wir schon vermittelt haben und in der Zwischenzeit k\u00fcmmern wir uns um ihren Neuen&#8230;&#8230;. \ud83d\ude42<\/strong><\/span><\/p>\n<p>&nbsp;<\/p>\n<p>&nbsp;<\/p>\n<p>&nbsp;<\/p>\n<div id='gallery-1' class='gallery galleryid-81 gallery-columns-3 gallery-size-thumbnail'><dl class='gallery-item'>\n\t\t\t<dt class='gallery-icon landscape'>\n\t\t\t\t<a href='https:\/\/www.automobile-rodmann.de\/?attachment_id=83#main'><img loading=\"lazy\" decoding=\"async\" width=\"150\" height=\"113\" src=\"https:\/\/www.automobile-rodmann.de\/wp-content\/uploads\/2015\/01\/20140830_1442261.jpg\" class=\"attachment-thumbnail size-thumbnail\" alt=\"\" \/><\/a>\n\t\t\t<\/dt><\/dl>\n\t\t\t<br style='clear: both' \/>\n\t\t<\/div>\n\n<p>&nbsp;<\/p>\n<p><a href=\"https:\/\/www.automobile-rodmann.de\/wp-content\/uploads\/2015\/02\/20140905_164603.jpg\"><img loading=\"lazy\" decoding=\"async\" class=\"alignnone size-full wp-image-189\" src=\"https:\/\/www.automobile-rodmann.de\/wp-content\/uploads\/2015\/02\/20140905_164603.jpg\" alt=\"20140905_164603\" width=\"2264\" height=\"1698\" \/><\/a><a href=\"https:\/\/www.automobile-rodmann.de\/wp-content\/uploads\/2015\/02\/PicsArt_1436468027803.jpg\"><img loading=\"lazy\" decoding=\"async\" class=\"alignnone size-medium wp-image-230\" src=\"https:\/\/www.automobile-rodmann.de\/wp-content\/uploads\/2015\/02\/PicsArt_1436468027803-300x225.jpg\" alt=\"PicsArt_1436468027803\" width=\"300\" height=\"225\" srcset=\"https:\/\/www.automobile-rodmann.de\/wp-content\/uploads\/2015\/02\/PicsArt_1436468027803-300x225.jpg 300w, https:\/\/www.automobile-rodmann.de\/wp-content\/uploads\/2015\/02\/PicsArt_1436468027803-1024x768.jpg 1024w\" sizes=\"auto, (max-width: 300px) 100vw, 300px\" \/><\/a><\/p>\n","protected":false},"excerpt":{"rendered":"<p>Was ist damit gemeint?? Sie sind auf der Suche nach ihrem Traumwagen, wissen aber nicht, ob die Person am anderen Ende des PC\u00b4s wirklich seri\u00f6s ist oder das Fahrzeug sich wirklich in dem Zustand befindet wie beschrieben.&#8230;&#8230;&#8230;kein Problem! wir k\u00fcmmern uns darum. &nbsp; Unsere Arbeit in kurzen Schritten: 1. Wir setzen uns mit ihnen zusammen [&hellip;]<\/p>\n","protected":false},"author":2,"featured_media":0,"parent":0,"menu_order":5,"comment_status":"closed","ping_status":"closed","template":"","meta":{"footnotes":""},"class_list":["post-81","page","type-page","status-publish","hentry","no-thumb"],"_links":{"self":[{"href":"https:\/\/www.automobile-rodmann.de\/index.php?rest_route=\/wp\/v2\/pages\/81","targetHints":{"allow":["GET"]}}],"collection":[{"href":"https:\/\/www.automobile-rodmann.de\/index.php?rest_route=\/wp\/v2\/pages"}],"about":[{"href":"https:\/\/www.automobile-rodmann.de\/index.php?rest_route=\/wp\/v2\/types\/page"}],"author":[{"embeddable":true,"href":"https:\/\/www.automobile-rodmann.de\/index.php?rest_route=\/wp\/v2\/users\/2"}],"replies":[{"embeddable":true,"href":"https:\/\/www.automobile-rodmann.de\/index.php?rest_route=%2Fwp%2Fv2%2Fcomments&post=81"}],"version-history":[{"count":18,"href":"https:\/\/www.automobile-rodmann.de\/index.php?rest_route=\/wp\/v2\/pages\/81\/revisions"}],"predecessor-version":[{"id":361,"href":"https:\/\/www.automobile-rodmann.de\/index.php?rest_route=\/wp\/v2\/pages\/81\/revisions\/361"}],"wp:attachment":[{"href":"https:\/\/www.automobile-rodmann.de\/index.php?rest_route=%2Fwp%2Fv2%2Fmedia&parent=81"}],"curies":[{"name":"wp","href":"https:\/\/api.w.org\/{rel}","templated":true}]}}